2?
18
Calculate the remainder when 621514 is divided by 302.
300
Calculate the remainder when 9359 is divided by 124.
59
What is the remainder when 2531 is divided by 43?
37
What is the remainder when 5811 is divided by 1404?
195
Calculate the remainder when 73 is divided by 20.
13
What is the remainder when 14766 is divided by 124?
10
Calculate the remainder when 47722 is divided by 80.
42
Calculate the remainder when 178686 is divided by 23.
22
What is the remainder when 109044 is divided by 252?
180
What is the remainder when 4821 is divided by 48?
21
What is the remainder when 19144 is divided by 3815?
69
What is the remainder when 1583674 is divided by 18?
16
Calculate the remainder when 223477 is divided by 14.
9
Calculate the remainder when 182385 is divided by 24.
9
What is the remainder when 675 is divided by 267?
141
What is the remainder when 1508 is divided by 119?
80
What is the remainder when 294 is divided by 181?
113
What is the remainder when 43848 is divided by 86?
74
Calculate the remainder when 2999 is divided by 20.
19
Calculate the remainder when 163875 is divided by 5284.
71
What is the remainder when 6914 is divided by 401?
97
Calculate the remainder when 8240 is divided by 1719.
1364
Calculate the remainder when 104311 is divided by 34769.
4
Calculate the remainder when 2570 is divided by 1835.
735
Calculate the remainder when 1253951 is divided by 18.
17
Calculate the remainder when 122854 is divided by 24570.
4
What is the remainder when 19489 is divided by 342?
337
What is the remainder when 12820 is divided by 986?
2
What is the remainder when 116384 is divided by 38752?
128
Calculate the remainder when 1677127 is divided by 1261.
1258
Calculate the remainder when 64221 is divided by 238.
199
What is the remainder when 4006 is divided by 209?
35
What is the remainder when 95702 is divided by 229?
209
Calculate the remainder when 133887 is divided by 125.
12
What is the remainder when 51013 is divided by 7?
4
What is the remainder when 24010 is divided by 772?
78
Calculate the remainder when 42140 is divided by 19.
17
What is the remainder when 292085 is divided by 54?
53
What is the remainder when 14309 is divided by 1562?
251
What is the remainder when 22421 is divided by 65?
61
What is the remainder when 3634 is divided by 857?
206
What is the remainder when 48810 is divided by 48?
42
What is the remainder when 22649 is divided by 77?
11
Calculate the remainder when 5264 is divided by 2631.
2
What is the remainder when 1147 is divided by 73?
52
Calculate the remainder when 18670 is divided by 48.
46
Calculate the remainder when 3919 is divided by 100.
19
What is the remainder when 8129 is divided by 80?
49
Calculate the remainder when 5981 is divided by 153.
14
Calculate the remainder when 20515 is divided by 20407.
108
What is the remainder when 13683 is divided by 111?
30
What is the remainder when 56787 is divided by 61?
57
Calculate the remainder when 21163 is divided by 19.
16
Calculate the remainder when 59616 is divided by 445.
431
What is the remainder when 231528 is divided by 845?
843
What is the remainder when 353854 is divided by 85?
84
What is the remainder when 39903 is divided by 9972?
15
Calculate the remainder when 1776 is divided by 28.
12
What is the remainder when 754 is divided by 207?
133
Calculate the remainder when 13066 is divided by 37.
5
Calculate the remainder when 220793 is divided by 460.
453
Calculate the remainder when 31053 is divided by 17.
11
What is the remainder when 357382 is divided by 754?
740
What is the remainder when 817 is divided by 679?
138
What is the remainder when 6898 is divided by 12?
10
Calculate the remainder when 195838 is divided by 204.
202
What is the remainder when 17234 is divided by 1736?
1610
What is the remainder when 21307 is divided by 234?
13
What is the remainder when 837 is divided by 265?
42
What is the remainder when 4535 is divided by 73?
9
What is the remainder when 53332 is divided by 133?
132
Calculate the remainder when 593 is divided by 52.
21
Calculate the remainder when 5032 is divided by 597.
256
Calculate the remainder when 885 is divided by 148.
145
What is the remainder when 965280 is divided by 557?
556
What is the remainder when 50465 is divided by 16800?
65
What is the remainder when 5142 is divided by 1697?
51
What is the remainder when 47644 is divided by 1061?
960
What is the remainder when 1447 is divided by 600?
247
Calculate the remainder when 9969 is divided by 687.
351
What is the remainder when 126012 is divided by 32?
28
What is the remainder when 15149 is divided by 28?
1
Calculate the remainder when 246729 is divided by 103.
44
Calculate the remainder when 244576 is divided by 81515.
31
What is the remainder when 66573 is divided by 152?
149
What is the remainder when 76285 is divided by 19063?
33
What is the remainder when 10830 is divided by 310?
290
Calculate the remainder when 12988 is divided by 380.
68
Calculate the remainder when 864385 is divided by 30.
25
Calculate the remainder when 1159 is divided by 235.
219
What is the remainder when 459 is divided by 67?
57
Calculate the remainder when 1999147 is divided by 10.
7
Calculate the remainder when 3815 is divided by 3808.
7
What is the remainder when 43817 is divided by 7300?
17
Calculate the remainder when 34584 is divided by 30.
24
What is the remainder when 18010 is divided by 6002?
4
Calculate the remainder when 7502 is divided by 7387.
115
What is the remainder when 5893 is divided by 121?
85
What is the remainder when 617 is divided by 88?
1
Calculate the remainder when 4533 is divided by 76.
49
Calculate the remainder when 59055 is divided by 133.
3
What is the remainder when 759 is divided by 259?
241
Calculate the remainder when 1319 is divided by 1273.
46
Calculate the remainder when 242364 is divided by 18.
12
What is the remainder when 4506503 is divided by 263?
261
What is the remainder when 1653 is divided by 320?
53
Calculate the remainder when 658 is divided by 93.
7
What is the remainder when 7332 is divided by 7317?
15
Calculate the remainder when 53087 is divided by 13270.
7
Calculate the remainder when 136413 is divided by 56.
53
What is the remainder when 8158 is divided by 84?
10
What is the remainder when 223460 is divided by 44?
28
What is the remainder when 3387 is divided by 264?
219
Calculate the remainder when 207 is divided by 138.
69
Calculate the remainder when 25027 is divided by 455.
2
What is the remainder when 54189 is divided by 135?
54
What is the remainder when 23434 is divided by 2111?
213
What is the remainder when 32159 is divided by 59?
4
What is the remainder when 3814 is divided by 1178?
280
Calculate the remainder when 555 is divided by 1.
0
Calculate the remainder when 32257 is divided by 381.
253
What is the remainder when 7233 is divided by 522?
447
Calculate the remainder when 37733 is divided by 503.
8
What is the remainder when 234086 is divided by 405?
401
What is the remainder when 4116 is divided by 17?
2
Calculate the remainder when 402 is divided by 234.
168
What is the remainder when 24137 is divided by 239?
237
Calculate the remainder when 145357 is divided by 184.
181
What is the remainder when 3146 is divided by 3046?
100
Calculate the remainder when 7581 is divided by 217.
203
What is the remainder when 30238 is divided by 14962?
314
Calculate the remainder when 6106 is divided by 134.
76
Calculate the remainder when 1521 is divided by 72.
9
What is the remainder when 897597 is divided by 136?
133
Calculate the remainder when 4787 is divided by 4777.
10
What is the remainder when 130718 is divided by 43?
41
Calculate the remainder when 6168 is divided by 199.
198
Calculate the remainder when 33899 is divided by 8471.
15
What is the remainder when 331806 is divided by 18?
12
Calculate the remainder when 728 is divided by 152.
120
What is the remainder when 571490 is divided by 1143?
1133
What is the remainder when 1397 is divided by 23?
17
Calculate the remainder when 16303 is divided by 1652.
1435
What is the remainder when 8465 is divided by 11?
6
Calculate the remainder when 270482 is divided by 1288.
2
What is the remainder when 8764 is divided by 162?
16
What is the remainder when 193439 is d